{"id":5289,"date":"2026-04-16T11:15:18","date_gmt":"2026-04-16T09:15:18","guid":{"rendered":"https:\/\/dem-serviceplus.com\/?post_type=product&#038;p=5289"},"modified":"2026-04-16T11:15:36","modified_gmt":"2026-04-16T09:15:36","slug":"smart-camera-f301-4","status":"publish","type":"product","link":"https:\/\/dem-serviceplus.com\/index.php\/produit\/smart-camera-f301-4\/","title":{"rendered":"Smart cam\u00e9ra f301-4"},"content":{"rendered":"<h1 class=\"-fs16 -phm -pts\" style=\"box-sizing: border-box; font-weight: 400; padding: 8px 16px 0px; margin: 0px; font-size: 1rem; color: #313133; font-family: -apple-system, BlinkMacSystemFont, Roboto, 'Helvetica Neue', Arial, sans-serif;\">Cam\u00e9ra \u00e9nergie Solaire 2-Panneaux Rotatif &#8211; 4 Objectif 360 90 120 Full-HD 4K 12MP\/8MP WiFi-4G Carte Sim Alarme batterie int\u00e9gr\u00e9e alimentation en continue installation par application disponible sur catalogue tout les option en description<\/h1>\n","protected":false},"excerpt":{"rendered":"<p>Cam\u00e9ra \u00e9nergie Solaire 2-Panneaux Rotatif &#8211; 4 Objectif 360 90 120 Full-HD 4K 12MP\/8MP WiFi-4G Carte Sim Alarme batterie int\u00e9gr\u00e9e alimentation en continue installation par application disponible sur catalogue tout les option en description<\/p>\n","protected":false},"featured_media":5286,"comment_status":"open","ping_status":"closed","template":"","meta":[],"product_brand":[337,324],"product_cat":[326],"product_tag":[],"class_list":{"0":"post-5289","1":"product","2":"type-product","3":"status-publish","4":"has-post-thumbnail","6":"product_brand-camera","7":"product_brand-oraimo","8":"product_cat-informatique","10":"first","11":"instock","12":"shipping-taxable","13":"purchasable","14":"product-type-simple"},"yoast_head":"<!-- This site is optimized with the Yoast SEO plugin v27.4 - https:\/\/yoast.com\/product\/yoast-seo-wordpress\/ -->\n<title>Smart cam\u00e9ra f301-4 - DEM SERVICE PLUS<\/title>\n<meta name=\"robots\" content=\"index, follow, max-snippet:-1, max-image-preview:large, max-video-preview:-1\" \/>\n<link rel=\"canonical\" href=\"https:\/\/dem-serviceplus.com\/index.php\/produit\/smart-camera-f301-4\/\" \/>\n<meta property=\"og:locale\" content=\"fr_FR\" \/>\n<meta property=\"og:type\" content=\"article\" \/>\n<meta property=\"og:title\" content=\"Smart cam\u00e9ra f301-4 - DEM SERVICE PLUS\" \/>\n<meta property=\"og:description\" content=\"Cam\u00e9ra \u00e9nergie Solaire 2-Panneaux Rotatif &#8211; 4 Objectif 360 90 120 Full-HD 4K 12MP\/8MP WiFi-4G Carte Sim Alarme batterie int\u00e9gr\u00e9e alimentation en continue installation par application disponible sur catalogue tout les option en description\" \/>\n<meta property=\"og:url\" content=\"https:\/\/dem-serviceplus.com\/index.php\/produit\/smart-camera-f301-4\/\" \/>\n<meta property=\"og:site_name\" content=\"DEM SERVICE PLUS\" \/>\n<meta property=\"article:publisher\" content=\"https:\/\/www.facebook.com\/demba.service.ci\/\" \/>\n<meta property=\"article:modified_time\" content=\"2026-04-16T09:15:36+00:00\" \/>\n<meta property=\"og:image\" content=\"https:\/\/dem-serviceplus.com\/wp-content\/uploads\/2026\/04\/1776255731506-1.png\" \/>\n\t<meta property=\"og:image:width\" content=\"1200\" \/>\n\t<meta property=\"og:image:height\" content=\"1200\" \/>\n\t<meta property=\"og:image:type\" content=\"image\/png\" \/>\n<meta name=\"twitter:card\" content=\"summary_large_image\" \/>\n<script type=\"application\/ld+json\" class=\"yoast-schema-graph\">{\"@context\":\"https:\\\/\\\/schema.org\",\"@graph\":[{\"@type\":\"WebPage\",\"@id\":\"https:\\\/\\\/dem-serviceplus.com\\\/index.php\\\/produit\\\/smart-camera-f301-4\\\/\",\"url\":\"https:\\\/\\\/dem-serviceplus.com\\\/index.php\\\/produit\\\/smart-camera-f301-4\\\/\",\"name\":\"Smart cam\u00e9ra f301-4 - DEM SERVICE PLUS\",\"isPartOf\":{\"@id\":\"https:\\\/\\\/dem-serviceplus.com\\\/#website\"},\"primaryImageOfPage\":{\"@id\":\"https:\\\/\\\/dem-serviceplus.com\\\/index.php\\\/produit\\\/smart-camera-f301-4\\\/#primaryimage\"},\"image\":{\"@id\":\"https:\\\/\\\/dem-serviceplus.com\\\/index.php\\\/produit\\\/smart-camera-f301-4\\\/#primaryimage\"},\"thumbnailUrl\":\"https:\\\/\\\/dem-serviceplus.com\\\/wp-content\\\/uploads\\\/2026\\\/04\\\/1776255731506-1.png\",\"datePublished\":\"2026-04-16T09:15:18+00:00\",\"dateModified\":\"2026-04-16T09:15:36+00:00\",\"breadcrumb\":{\"@id\":\"https:\\\/\\\/dem-serviceplus.com\\\/index.php\\\/produit\\\/smart-camera-f301-4\\\/#breadcrumb\"},\"inLanguage\":\"fr-FR\",\"potentialAction\":[{\"@type\":\"ReadAction\",\"target\":[\"https:\\\/\\\/dem-serviceplus.com\\\/index.php\\\/produit\\\/smart-camera-f301-4\\\/\"]}]},{\"@type\":\"ImageObject\",\"inLanguage\":\"fr-FR\",\"@id\":\"https:\\\/\\\/dem-serviceplus.com\\\/index.php\\\/produit\\\/smart-camera-f301-4\\\/#primaryimage\",\"url\":\"https:\\\/\\\/dem-serviceplus.com\\\/wp-content\\\/uploads\\\/2026\\\/04\\\/1776255731506-1.png\",\"contentUrl\":\"https:\\\/\\\/dem-serviceplus.com\\\/wp-content\\\/uploads\\\/2026\\\/04\\\/1776255731506-1.png\",\"width\":1200,\"height\":1200},{\"@type\":\"BreadcrumbList\",\"@id\":\"https:\\\/\\\/dem-serviceplus.com\\\/index.php\\\/produit\\\/smart-camera-f301-4\\\/#breadcrumb\",\"itemListElement\":[{\"@type\":\"ListItem\",\"position\":1,\"name\":\"Accueil\",\"item\":\"https:\\\/\\\/dem-serviceplus.com\\\/\"},{\"@type\":\"ListItem\",\"position\":2,\"name\":\"Boutique\",\"item\":\"https:\\\/\\\/dem-serviceplus.com\\\/index.php\\\/boutique\\\/\"},{\"@type\":\"ListItem\",\"position\":3,\"name\":\"Smart cam\u00e9ra f301-4\"}]},{\"@type\":\"WebSite\",\"@id\":\"https:\\\/\\\/dem-serviceplus.com\\\/#website\",\"url\":\"https:\\\/\\\/dem-serviceplus.com\\\/\",\"name\":\"DEM SERVICE PLUS\",\"description\":\"Vos go\u00fbts, notre r\u00e9f\u00e9rence\",\"publisher\":{\"@id\":\"https:\\\/\\\/dem-serviceplus.com\\\/#organization\"},\"potentialAction\":[{\"@type\":\"SearchAction\",\"target\":{\"@type\":\"EntryPoint\",\"urlTemplate\":\"https:\\\/\\\/dem-serviceplus.com\\\/?s={search_term_string}\"},\"query-input\":{\"@type\":\"PropertyValueSpecification\",\"valueRequired\":true,\"valueName\":\"search_term_string\"}}],\"inLanguage\":\"fr-FR\"},{\"@type\":\"Organization\",\"@id\":\"https:\\\/\\\/dem-serviceplus.com\\\/#organization\",\"name\":\"DEM SERVICE PLUS\",\"url\":\"https:\\\/\\\/dem-serviceplus.com\\\/\",\"logo\":{\"@type\":\"ImageObject\",\"inLanguage\":\"fr-FR\",\"@id\":\"https:\\\/\\\/dem-serviceplus.com\\\/#\\\/schema\\\/logo\\\/image\\\/\",\"url\":\"https:\\\/\\\/dem-serviceplus.com\\\/wp-content\\\/uploads\\\/2025\\\/05\\\/Logo-023.png\",\"contentUrl\":\"https:\\\/\\\/dem-serviceplus.com\\\/wp-content\\\/uploads\\\/2025\\\/05\\\/Logo-023.png\",\"width\":2500,\"height\":2250,\"caption\":\"DEM SERVICE PLUS\"},\"image\":{\"@id\":\"https:\\\/\\\/dem-serviceplus.com\\\/#\\\/schema\\\/logo\\\/image\\\/\"},\"sameAs\":[\"https:\\\/\\\/www.facebook.com\\\/demba.service.ci\\\/\"]}]}<\/script>\n<!-- \/ Yoast SEO plugin. -->","yoast_head_json":{"title":"Smart cam\u00e9ra f301-4 - DEM SERVICE PLUS","robots":{"index":"index","follow":"follow","max-snippet":"max-snippet:-1","max-image-preview":"max-image-preview:large","max-video-preview":"max-video-preview:-1"},"canonical":"https:\/\/dem-serviceplus.com\/index.php\/produit\/smart-camera-f301-4\/","og_locale":"fr_FR","og_type":"article","og_title":"Smart cam\u00e9ra f301-4 - DEM SERVICE PLUS","og_description":"Cam\u00e9ra \u00e9nergie Solaire 2-Panneaux Rotatif &#8211; 4 Objectif 360 90 120 Full-HD 4K 12MP\/8MP WiFi-4G Carte Sim Alarme batterie int\u00e9gr\u00e9e alimentation en continue installation par application disponible sur catalogue tout les option en description","og_url":"https:\/\/dem-serviceplus.com\/index.php\/produit\/smart-camera-f301-4\/","og_site_name":"DEM SERVICE PLUS","article_publisher":"https:\/\/www.facebook.com\/demba.service.ci\/","article_modified_time":"2026-04-16T09:15:36+00:00","og_image":[{"width":1200,"height":1200,"url":"https:\/\/dem-serviceplus.com\/wp-content\/uploads\/2026\/04\/1776255731506-1.png","type":"image\/png"}],"twitter_card":"summary_large_image","schema":{"@context":"https:\/\/schema.org","@graph":[{"@type":"WebPage","@id":"https:\/\/dem-serviceplus.com\/index.php\/produit\/smart-camera-f301-4\/","url":"https:\/\/dem-serviceplus.com\/index.php\/produit\/smart-camera-f301-4\/","name":"Smart cam\u00e9ra f301-4 - DEM SERVICE PLUS","isPartOf":{"@id":"https:\/\/dem-serviceplus.com\/#website"},"primaryImageOfPage":{"@id":"https:\/\/dem-serviceplus.com\/index.php\/produit\/smart-camera-f301-4\/#primaryimage"},"image":{"@id":"https:\/\/dem-serviceplus.com\/index.php\/produit\/smart-camera-f301-4\/#primaryimage"},"thumbnailUrl":"https:\/\/dem-serviceplus.com\/wp-content\/uploads\/2026\/04\/1776255731506-1.png","datePublished":"2026-04-16T09:15:18+00:00","dateModified":"2026-04-16T09:15:36+00:00","breadcrumb":{"@id":"https:\/\/dem-serviceplus.com\/index.php\/produit\/smart-camera-f301-4\/#breadcrumb"},"inLanguage":"fr-FR","potentialAction":[{"@type":"ReadAction","target":["https:\/\/dem-serviceplus.com\/index.php\/produit\/smart-camera-f301-4\/"]}]},{"@type":"ImageObject","inLanguage":"fr-FR","@id":"https:\/\/dem-serviceplus.com\/index.php\/produit\/smart-camera-f301-4\/#primaryimage","url":"https:\/\/dem-serviceplus.com\/wp-content\/uploads\/2026\/04\/1776255731506-1.png","contentUrl":"https:\/\/dem-serviceplus.com\/wp-content\/uploads\/2026\/04\/1776255731506-1.png","width":1200,"height":1200},{"@type":"BreadcrumbList","@id":"https:\/\/dem-serviceplus.com\/index.php\/produit\/smart-camera-f301-4\/#breadcrumb","itemListElement":[{"@type":"ListItem","position":1,"name":"Accueil","item":"https:\/\/dem-serviceplus.com\/"},{"@type":"ListItem","position":2,"name":"Boutique","item":"https:\/\/dem-serviceplus.com\/index.php\/boutique\/"},{"@type":"ListItem","position":3,"name":"Smart cam\u00e9ra f301-4"}]},{"@type":"WebSite","@id":"https:\/\/dem-serviceplus.com\/#website","url":"https:\/\/dem-serviceplus.com\/","name":"DEM SERVICE PLUS","description":"Vos go\u00fbts, notre r\u00e9f\u00e9rence","publisher":{"@id":"https:\/\/dem-serviceplus.com\/#organization"},"potentialAction":[{"@type":"SearchAction","target":{"@type":"EntryPoint","urlTemplate":"https:\/\/dem-serviceplus.com\/?s={search_term_string}"},"query-input":{"@type":"PropertyValueSpecification","valueRequired":true,"valueName":"search_term_string"}}],"inLanguage":"fr-FR"},{"@type":"Organization","@id":"https:\/\/dem-serviceplus.com\/#organization","name":"DEM SERVICE PLUS","url":"https:\/\/dem-serviceplus.com\/","logo":{"@type":"ImageObject","inLanguage":"fr-FR","@id":"https:\/\/dem-serviceplus.com\/#\/schema\/logo\/image\/","url":"https:\/\/dem-serviceplus.com\/wp-content\/uploads\/2025\/05\/Logo-023.png","contentUrl":"https:\/\/dem-serviceplus.com\/wp-content\/uploads\/2025\/05\/Logo-023.png","width":2500,"height":2250,"caption":"DEM SERVICE PLUS"},"image":{"@id":"https:\/\/dem-serviceplus.com\/#\/schema\/logo\/image\/"},"sameAs":["https:\/\/www.facebook.com\/demba.service.ci\/"]}]}},"_links":{"self":[{"href":"https:\/\/dem-serviceplus.com\/index.php\/wp-json\/wp\/v2\/product\/5289","targetHints":{"allow":["GET"]}}],"collection":[{"href":"https:\/\/dem-serviceplus.com\/index.php\/wp-json\/wp\/v2\/product"}],"about":[{"href":"https:\/\/dem-serviceplus.com\/index.php\/wp-json\/wp\/v2\/types\/product"}],"replies":[{"embeddable":true,"href":"https:\/\/dem-serviceplus.com\/index.php\/wp-json\/wp\/v2\/comments?post=5289"}],"version-history":[{"count":2,"href":"https:\/\/dem-serviceplus.com\/index.php\/wp-json\/wp\/v2\/product\/5289\/revisions"}],"predecessor-version":[{"id":5291,"href":"https:\/\/dem-serviceplus.com\/index.php\/wp-json\/wp\/v2\/product\/5289\/revisions\/5291"}],"wp:featuredmedia":[{"embeddable":true,"href":"https:\/\/dem-serviceplus.com\/index.php\/wp-json\/wp\/v2\/media\/5286"}],"wp:attachment":[{"href":"https:\/\/dem-serviceplus.com\/index.php\/wp-json\/wp\/v2\/media?parent=5289"}],"wp:term":[{"taxonomy":"product_brand","embeddable":true,"href":"https:\/\/dem-serviceplus.com\/index.php\/wp-json\/wp\/v2\/product_brand?post=5289"},{"taxonomy":"product_cat","embeddable":true,"href":"https:\/\/dem-serviceplus.com\/index.php\/wp-json\/wp\/v2\/product_cat?post=5289"},{"taxonomy":"product_tag","embeddable":true,"href":"https:\/\/dem-serviceplus.com\/index.php\/wp-json\/wp\/v2\/product_tag?post=5289"}],"curies":[{"name":"wp","href":"https:\/\/api.w.org\/{rel}","templated":true}]}}