{"id":5237,"date":"2026-04-10T15:42:28","date_gmt":"2026-04-10T13:42:28","guid":{"rendered":"https:\/\/dem-serviceplus.com\/?post_type=product&#038;p=5237"},"modified":"2026-04-10T16:18:05","modified_gmt":"2026-04-10T14:18:05","slug":"oraimo-opensnap-n-ecouteurs-sans-fil-veritables-a-conduction-ouverte","status":"publish","type":"product","link":"https:\/\/dem-serviceplus.com\/index.php\/produit\/oraimo-opensnap-n-ecouteurs-sans-fil-veritables-a-conduction-ouverte\/","title":{"rendered":"oraimo OpenSnap N \u00c9couteurs Sans Fil V\u00e9ritables \u00e0 Conduction Ouverte"},"content":{"rendered":"<p>Version Bluetooth : V5.4<\/p>\n<p>Port\u00e9e : 10m<\/p>\n<p>Temps de Lecture : Jusqu&rsquo;\u00e0 4 heures ; le bo\u00eetier offre 12 heures suppl\u00e9mentaires<\/p>\n<p>Capacit\u00e9 de la Batterie : 30 mAh (chaque \u00e9couteur)<\/p>\n<p>Temps de Recharge : Environ 1,5 heure<\/p>\n<h4><strong>Bo\u00eetier de Recharge<\/strong><\/h4>\n<p>Capacit\u00e9 de la Batterie : 300 mAh<\/p>\n<p>Temps de Recharge : Environ 2 heures<\/p>\n<p>*Si le bo\u00eetier de recharge est enti\u00e8rement recharg\u00e9, il peut recharger les \u00e9couteurs environ 3 fois.<\/p>\n<p>*R\u00e9sultats des tests du laboratoire oraimo<\/p>\n","protected":false},"excerpt":{"rendered":"<p>Version Bluetooth : V5.4 Port\u00e9e : 10m Temps de Lecture : Jusqu&rsquo;\u00e0 4 heures ; le bo\u00eetier offre 12 heures suppl\u00e9mentaires Capacit\u00e9 de la Batterie : 30 mAh (chaque \u00e9couteur) Temps de Recharge : Environ 1,5 heure Bo\u00eetier de Recharge Capacit\u00e9 de la Batterie : 300 mAh Temps de Recharge : Environ 2 heures *Si [&hellip;]<\/p>\n","protected":false},"featured_media":5238,"comment_status":"open","ping_status":"closed","template":"","meta":[],"product_brand":[324],"product_cat":[325],"product_tag":[],"class_list":{"0":"post-5237","1":"product","2":"type-product","3":"status-publish","4":"has-post-thumbnail","6":"product_brand-oraimo","7":"product_cat-accessoires-connectes","9":"first","10":"instock","11":"sale","12":"shipping-taxable","13":"purchasable","14":"product-type-simple"},"_links":{"self":[{"href":"https:\/\/dem-serviceplus.com\/index.php\/wp-json\/wp\/v2\/product\/5237","targetHints":{"allow":["GET"]}}],"collection":[{"href":"https:\/\/dem-serviceplus.com\/index.php\/wp-json\/wp\/v2\/product"}],"about":[{"href":"https:\/\/dem-serviceplus.com\/index.php\/wp-json\/wp\/v2\/types\/product"}],"replies":[{"embeddable":true,"href":"https:\/\/dem-serviceplus.com\/index.php\/wp-json\/wp\/v2\/comments?post=5237"}],"version-history":[{"count":1,"href":"https:\/\/dem-serviceplus.com\/index.php\/wp-json\/wp\/v2\/product\/5237\/revisions"}],"predecessor-version":[{"id":5241,"href":"https:\/\/dem-serviceplus.com\/index.php\/wp-json\/wp\/v2\/product\/5237\/revisions\/5241"}],"wp:featuredmedia":[{"embeddable":true,"href":"https:\/\/dem-serviceplus.com\/index.php\/wp-json\/wp\/v2\/media\/5238"}],"wp:attachment":[{"href":"https:\/\/dem-serviceplus.com\/index.php\/wp-json\/wp\/v2\/media?parent=5237"}],"wp:term":[{"taxonomy":"product_brand","embeddable":true,"href":"https:\/\/dem-serviceplus.com\/index.php\/wp-json\/wp\/v2\/product_brand?post=5237"},{"taxonomy":"product_cat","embeddable":true,"href":"https:\/\/dem-serviceplus.com\/index.php\/wp-json\/wp\/v2\/product_cat?post=5237"},{"taxonomy":"product_tag","embeddable":true,"href":"https:\/\/dem-serviceplus.com\/index.php\/wp-json\/wp\/v2\/product_tag?post=5237"}],"curies":[{"name":"wp","href":"https:\/\/api.w.org\/{rel}","templated":true}]}}