{"id":5230,"date":"2026-04-10T15:25:05","date_gmt":"2026-04-10T13:25:05","guid":{"rendered":"https:\/\/dem-serviceplus.com\/?post_type=product&#038;p=5230"},"modified":"2026-04-10T16:18:57","modified_gmt":"2026-04-10T14:18:57","slug":"auto-draft-copie","status":"publish","type":"product","link":"https:\/\/dem-serviceplus.com\/index.php\/produit\/auto-draft-copie\/","title":{"rendered":"AUTO-DRAFT (Copie)"},"content":{"rendered":"<p>Version Bluetooth : V5.4<\/p>\n<p>Port\u00e9e Bluetooth : 10m<\/p>\n<p>Autonomie : Jusqu&rsquo;\u00e0 8 heures ; le bo\u00eetier fournit 36 heures suppl\u00e9mentaires<\/p>\n<p>Temps de charge : Environ 2 heures<\/p>\n<p>Port de charge : Type-C<\/p>\n","protected":false},"excerpt":{"rendered":"<p>Version Bluetooth : V5.4 Port\u00e9e Bluetooth : 10m Autonomie : Jusqu&rsquo;\u00e0 8 heures ; le bo\u00eetier fournit 36 heures suppl\u00e9mentaires Temps de charge : Environ 2 heures Port de charge : Type-C<\/p>\n","protected":false},"featured_media":5231,"comment_status":"open","ping_status":"closed","template":"","meta":[],"product_brand":[324],"product_cat":[325],"product_tag":[],"class_list":{"0":"post-5230","1":"product","2":"type-product","3":"status-publish","4":"has-post-thumbnail","6":"product_brand-oraimo","7":"product_cat-accessoires-connectes","9":"first","10":"instock","11":"sale","12":"shipping-taxable","13":"purchasable","14":"product-type-simple"},"_links":{"self":[{"href":"https:\/\/dem-serviceplus.com\/index.php\/wp-json\/wp\/v2\/product\/5230","targetHints":{"allow":["GET"]}}],"collection":[{"href":"https:\/\/dem-serviceplus.com\/index.php\/wp-json\/wp\/v2\/product"}],"about":[{"href":"https:\/\/dem-serviceplus.com\/index.php\/wp-json\/wp\/v2\/types\/product"}],"replies":[{"embeddable":true,"href":"https:\/\/dem-serviceplus.com\/index.php\/wp-json\/wp\/v2\/comments?post=5230"}],"version-history":[{"count":1,"href":"https:\/\/dem-serviceplus.com\/index.php\/wp-json\/wp\/v2\/product\/5230\/revisions"}],"predecessor-version":[{"id":5233,"href":"https:\/\/dem-serviceplus.com\/index.php\/wp-json\/wp\/v2\/product\/5230\/revisions\/5233"}],"wp:featuredmedia":[{"embeddable":true,"href":"https:\/\/dem-serviceplus.com\/index.php\/wp-json\/wp\/v2\/media\/5231"}],"wp:attachment":[{"href":"https:\/\/dem-serviceplus.com\/index.php\/wp-json\/wp\/v2\/media?parent=5230"}],"wp:term":[{"taxonomy":"product_brand","embeddable":true,"href":"https:\/\/dem-serviceplus.com\/index.php\/wp-json\/wp\/v2\/product_brand?post=5230"},{"taxonomy":"product_cat","embeddable":true,"href":"https:\/\/dem-serviceplus.com\/index.php\/wp-json\/wp\/v2\/product_cat?post=5230"},{"taxonomy":"product_tag","embeddable":true,"href":"https:\/\/dem-serviceplus.com\/index.php\/wp-json\/wp\/v2\/product_tag?post=5230"}],"curies":[{"name":"wp","href":"https:\/\/api.w.org\/{rel}","templated":true}]}}