{"id":5207,"date":"2026-04-10T14:18:44","date_gmt":"2026-04-10T12:18:44","guid":{"rendered":"https:\/\/dem-serviceplus.com\/?post_type=product&#038;p=5207"},"modified":"2026-04-10T14:18:44","modified_gmt":"2026-04-10T12:18:44","slug":"coraimo-spacebox-pro-enceinte-sans-fil-spacebox-pr","status":"publish","type":"product","link":"https:\/\/dem-serviceplus.com\/index.php\/produit\/coraimo-spacebox-pro-enceinte-sans-fil-spacebox-pr\/","title":{"rendered":"Coraimo SpaceBox Pro Enceinte sans fil SpaceBox Pr"},"content":{"rendered":"<p>Taille du produit : 328*152*138mm<br \/>\nVersion Bluetooth : 5.4<br \/>\nPort\u00e9e Bluetooth : 10m<br \/>\nR\u00e9ponse en fr\u00e9quence : 50Hz-20KHz<br \/>\nCapacit\u00e9 de la batterie : 5000mAh\/7.4V<br \/>\nAutonomie : 6 heures (volume maximum), 10 heures (volume moyen)<br \/>\nTemps de charge : 2 heures (avec une entr\u00e9e maximale de 35W)<br \/>\nEntr\u00e9e de charge : 35W max<br \/>\nSortie de charge : 10W<br \/>\nPuissance des haut-parleurs : 80W<\/p>\n","protected":false},"excerpt":{"rendered":"<p>Taille du produit : 328*152*138mm Version Bluetooth : 5.4 Port\u00e9e Bluetooth : 10m R\u00e9ponse en fr\u00e9quence : 50Hz-20KHz Capacit\u00e9 de la batterie : 5000mAh\/7.4V Autonomie : 6 heures (volume maximum), 10 heures (volume moyen) Temps de charge : 2 heures (avec une entr\u00e9e maximale de 35W) Entr\u00e9e de charge : 35W max Sortie de charge [&hellip;]<\/p>\n","protected":false},"featured_media":5204,"comment_status":"open","ping_status":"closed","template":"","meta":[],"product_brand":[324],"product_cat":[235],"product_tag":[],"class_list":{"0":"post-5207","1":"product","2":"type-product","3":"status-publish","4":"has-post-thumbnail","6":"product_brand-oraimo","7":"product_cat-sc","9":"first","10":"instock","11":"shipping-taxable","12":"purchasable","13":"product-type-simple"},"_links":{"self":[{"href":"https:\/\/dem-serviceplus.com\/index.php\/wp-json\/wp\/v2\/product\/5207","targetHints":{"allow":["GET"]}}],"collection":[{"href":"https:\/\/dem-serviceplus.com\/index.php\/wp-json\/wp\/v2\/product"}],"about":[{"href":"https:\/\/dem-serviceplus.com\/index.php\/wp-json\/wp\/v2\/types\/product"}],"replies":[{"embeddable":true,"href":"https:\/\/dem-serviceplus.com\/index.php\/wp-json\/wp\/v2\/comments?post=5207"}],"version-history":[{"count":1,"href":"https:\/\/dem-serviceplus.com\/index.php\/wp-json\/wp\/v2\/product\/5207\/revisions"}],"predecessor-version":[{"id":5208,"href":"https:\/\/dem-serviceplus.com\/index.php\/wp-json\/wp\/v2\/product\/5207\/revisions\/5208"}],"wp:featuredmedia":[{"embeddable":true,"href":"https:\/\/dem-serviceplus.com\/index.php\/wp-json\/wp\/v2\/media\/5204"}],"wp:attachment":[{"href":"https:\/\/dem-serviceplus.com\/index.php\/wp-json\/wp\/v2\/media?parent=5207"}],"wp:term":[{"taxonomy":"product_brand","embeddable":true,"href":"https:\/\/dem-serviceplus.com\/index.php\/wp-json\/wp\/v2\/product_brand?post=5207"},{"taxonomy":"product_cat","embeddable":true,"href":"https:\/\/dem-serviceplus.com\/index.php\/wp-json\/wp\/v2\/product_cat?post=5207"},{"taxonomy":"product_tag","embeddable":true,"href":"https:\/\/dem-serviceplus.com\/index.php\/wp-json\/wp\/v2\/product_tag?post=5207"}],"curies":[{"name":"wp","href":"https:\/\/api.w.org\/{rel}","templated":true}]}}