{"id":5107,"date":"2026-04-09T18:09:07","date_gmt":"2026-04-09T16:09:07","guid":{"rendered":"https:\/\/dem-serviceplus.com\/?post_type=product&#038;p=5107"},"modified":"2026-04-09T20:40:36","modified_gmt":"2026-04-09T18:40:36","slug":"imprimante-hp-jet-2320-tout-en-un","status":"publish","type":"product","link":"https:\/\/dem-serviceplus.com\/index.php\/produit\/imprimante-hp-jet-2320-tout-en-un\/","title":{"rendered":"IMPRIMANTE Hp JET 2320 -TOUT EN UN"},"content":{"rendered":"<p>Marque : \u00a0 \u00a0 \u00a0 \u00a0 \u00a0 \u00a0 \u00a0 \u00a0 \u00a0 \u00a0 \u00a0 \u00a0 \u00a0 \u00a0 \u00a0 \u00a0 \u00a0 \u00a0 \u00a0 \u00a0 \u00a0 \u00a0 \u00a0 HP<\/p>\n<p>Num\u00e9ro du mod\u00e8le de l&rsquo;article.: \u00a0 \u00a0 \u00a0M2320<\/p>\n<p>s\u00e9ries : \u00a0 \u00a0 \u00a0 \u00a0 \u00a0 \u00a0 \u00a0 \u00a0 \u00a0 \u00a0 \u00a0 \u00a0 \u00a0 \u00a0 \u00a0 \u00a0 \u00a0 \u00a0 \u00a0 \u00a0 \u00a0 \u00a0 \u00a0 \u00a0M2320<\/p>\n<p>Garantie constructeur : \u00a0 \u00a0 \u00a0 \u00a0 \u00a0 \u00a0 \u00a0 \u00a0 \u00a0 \u00a0 \u00a0Support technique d&rsquo;un<\/p>\n<p>Taille de la m\u00e9moire vive : \u00a0 \u00a0 \u00a0 \u00a0 \u00a0 \u00a0 \u00a0 \u00a0 \u00a0512 Mo<\/p>\n<p>Taille de l&rsquo;\u00e9cran : \u00a0 \u00a0 \u00a0 \u00a0 \u00a0 \u00a0 \u00a0 \u00a0 \u00a0 \u00a0 \u00a0 \u00a0 \u00a0 \u00a0 \u00a0 \u00a0 \u00a02,7 Pouces<\/p>\n<p>Type de connectivit\u00e9 :. \u00a0 \u00a0 \u00a0 \u00a0 \u00a0 \u00a0 \u00a0 \u00a0 \u00a0 \u00a0 \u00a0 \u00a0 Wi-Fi<\/p>\n<p>Type de technologie sans fil : \u00a0 \u00a0 \u00a0 \u00a0 \u00a0 \u00a0Fr\u00e9quence radio de 5 GHz, 802.11bgn,<br \/>\nFr\u00e9quence radio de 2,4 GHz<\/p>\n<p>Interface du mat\u00e9riel informatique : \u00a0 \u00a0Ethernet, USB 2.0<\/p>\n<p>Type de connecteur : \u00a0 \u00a0 \u00a0 \u00a0 \u00a0 \u00a0 \u00a0 \u00a0 \u00a0 \u00a0 \u00a0 \u00a0 \u00a0 \u00a0 \u00a0 \u00a0USB<\/p>\n<p>Compatibilit\u00e9 du p\u00e9riph\u00e9rique : \u00a0 \u00a0 \u00a0 \u00a0 \u00a0 \u00a0 \u00a0 Ordinateurs portables<\/p>\n<p>Dimensions de l&rsquo;article L x L x H : \u00a0 \u00a0 \u00a0 \u00a0 \u00a0 32.3 x 42 x 39 centim\u00e8tres<\/p>\n<p>Poids du produi : \u00a0 \u00a0 \u00a0 \u00a0 \u00a0 \u00a0 \u00a0 \u00a0 \u00a0 \u00a0 \u00a0 \u00a0 \u00a0 \u00a0 \u00a0 \u00a0 \u00a0 \u00a0 \u00a0 \u00a027,8 Livres<\/p>\n<p>Disponibilit\u00e9 des pi\u00e8ces d\u00e9tach\u00e9es : \u00a0 \u00a0 \u00a0 Information indisponible sur les pi\u00e8ces d\u00e9tach\u00e9es<\/p>\n<p>Mises \u00e0 jour logicielles garanties jusqu\u2019\u00e0: \u00a0 \u00a0Information non disponible<\/p>\n","protected":false},"excerpt":{"rendered":"<p>Marque : \u00a0 \u00a0 \u00a0 \u00a0 \u00a0 \u00a0 \u00a0 \u00a0 \u00a0 \u00a0 \u00a0 \u00a0 \u00a0 \u00a0 \u00a0 \u00a0 \u00a0 \u00a0 \u00a0 \u00a0 \u00a0 \u00a0 \u00a0 HP Num\u00e9ro du mod\u00e8le de l&rsquo;article.: \u00a0 \u00a0 \u00a0M2320 s\u00e9ries : \u00a0 \u00a0 \u00a0 \u00a0 \u00a0 \u00a0 \u00a0 \u00a0 \u00a0 \u00a0 \u00a0 \u00a0 \u00a0 \u00a0 \u00a0 \u00a0 \u00a0 \u00a0 \u00a0 [&hellip;]<\/p>\n","protected":false},"featured_media":5109,"comment_status":"open","ping_status":"closed","template":"","meta":[],"product_brand":[334],"product_cat":[326],"product_tag":[],"class_list":{"0":"post-5107","1":"product","2":"type-product","3":"status-publish","4":"has-post-thumbnail","6":"product_brand-hp","7":"product_cat-informatique","9":"first","10":"instock","11":"sale","12":"shipping-taxable","13":"purchasable","14":"product-type-simple"},"_links":{"self":[{"href":"https:\/\/dem-serviceplus.com\/index.php\/wp-json\/wp\/v2\/product\/5107","targetHints":{"allow":["GET"]}}],"collection":[{"href":"https:\/\/dem-serviceplus.com\/index.php\/wp-json\/wp\/v2\/product"}],"about":[{"href":"https:\/\/dem-serviceplus.com\/index.php\/wp-json\/wp\/v2\/types\/product"}],"replies":[{"embeddable":true,"href":"https:\/\/dem-serviceplus.com\/index.php\/wp-json\/wp\/v2\/comments?post=5107"}],"version-history":[{"count":2,"href":"https:\/\/dem-serviceplus.com\/index.php\/wp-json\/wp\/v2\/product\/5107\/revisions"}],"predecessor-version":[{"id":5137,"href":"https:\/\/dem-serviceplus.com\/index.php\/wp-json\/wp\/v2\/product\/5107\/revisions\/5137"}],"wp:featuredmedia":[{"embeddable":true,"href":"https:\/\/dem-serviceplus.com\/index.php\/wp-json\/wp\/v2\/media\/5109"}],"wp:attachment":[{"href":"https:\/\/dem-serviceplus.com\/index.php\/wp-json\/wp\/v2\/media?parent=5107"}],"wp:term":[{"taxonomy":"product_brand","embeddable":true,"href":"https:\/\/dem-serviceplus.com\/index.php\/wp-json\/wp\/v2\/product_brand?post=5107"},{"taxonomy":"product_cat","embeddable":true,"href":"https:\/\/dem-serviceplus.com\/index.php\/wp-json\/wp\/v2\/product_cat?post=5107"},{"taxonomy":"product_tag","embeddable":true,"href":"https:\/\/dem-serviceplus.com\/index.php\/wp-json\/wp\/v2\/product_tag?post=5107"}],"curies":[{"name":"wp","href":"https:\/\/api.w.org\/{rel}","templated":true}]}}