{"id":5077,"date":"2026-04-09T17:25:18","date_gmt":"2026-04-09T15:25:18","guid":{"rendered":"https:\/\/dem-serviceplus.com\/?post_type=product&#038;p=5077"},"modified":"2026-04-09T20:41:06","modified_gmt":"2026-04-09T18:41:06","slug":"manette-sans-fil-xbox-one-blanche-compatible-pc","status":"publish","type":"product","link":"https:\/\/dem-serviceplus.com\/index.php\/produit\/manette-sans-fil-xbox-one-blanche-compatible-pc\/","title":{"rendered":"Manette sans fil Xbox One blanche compatible PC"},"content":{"rendered":"<p>D\u00e9couvrez le design modernis\u00e9 de la manette sans fil Xbox, avec ses surfaces textur\u00e9es et son ergonomie revisit\u00e9e, pour un confort de jeu accru. Enregistrez et partagez du contenu facilement, avec le nouveau bouton de partage. Connectez, jouez et basculez rapidement entre les appareils<\/p>\n<p>D\u00e9couvrez le design modernis\u00e9 de la manette sans fil Xbox, avec ses surfaces textur\u00e9es et son ergonomie revisit\u00e9e, pour un confort de jeu accru. Enregistrez et partagez du contenu facilement, avec le nouveau bouton de partage. Connectez, jouez et basculez rapidement entre les appareils<\/p>\n<p>Compatible avec certains appareils et certaines versions de syst\u00e8me d\u2019exploitation. En savoir plus sur xbox.com\/controller-compatibility. L\u2019autonomie de la batterie varie consid\u00e9rablement selon les casques, les accessoires suppl\u00e9mentaires, l\u2019utilisation de l\u2019appareil et d\u2019autres facteurs. Tests effectu\u00e9s par Microsoft avec des piles AA dans des unit\u00e9s de pr\u00e9production.<br \/>\nWindows 10\/11 : Requiert le\u00a0Bluetooth, un c\u00e2ble\u00a0USB-C\u00a0compatible ou un adaptateur sans fil Xbox. Vendu s\u00e9par\u00e9ment. Android : certains appareils et certaines versions de syst\u00e8me d\u2019exploitation. Certaines fonctionnalit\u00e9s ne sont pas prises en charge sur Android ou via Bluetooth. Prise en charge d\u2019iOS \u00e0 venir. Plateformes suppl\u00e9mentaires prises en charge. En savoir plus : xbox.com\/controller-compatibility. \u00c0 utiliser avec les jeux compatibles avec une manette. R\u00e9attribution des boutons disponible via l\u2019application Accessoires\u00a0Xbox pour Xbox Series X-S, Xbox One et Windows 10\/11.<br \/>\nLe mot et les logos Bluetooth sont des marques d\u00e9pos\u00e9es appartenant \u00e0 Bluetooth SIG, Inc. et toute utilisation de ces marques par Microsoft Corporation fait l\u2019objet d\u2019une licence. Les autres marques et d\u00e9signations commerciales appartiennent \u00e0 leurs propri\u00e9taires respectifs.<\/p>\n","protected":false},"excerpt":{"rendered":"<p>D\u00e9couvrez le design modernis\u00e9 de la manette sans fil Xbox, avec ses surfaces textur\u00e9es et son ergonomie revisit\u00e9e, pour un confort de jeu accru. Enregistrez et partagez du contenu facilement, avec le nouveau bouton de partage. Connectez, jouez et basculez rapidement entre les appareils D\u00e9couvrez le design modernis\u00e9 de la manette sans fil Xbox, avec [&hellip;]<\/p>\n","protected":false},"featured_media":5079,"comment_status":"open","ping_status":"closed","template":"","meta":[],"product_brand":[333],"product_cat":[327],"product_tag":[],"class_list":{"0":"post-5077","1":"product","2":"type-product","3":"status-publish","4":"has-post-thumbnail","6":"product_brand-xbox","7":"product_cat-gaming","9":"first","10":"instock","11":"sale","12":"shipping-taxable","13":"purchasable","14":"product-type-simple"},"_links":{"self":[{"href":"https:\/\/dem-serviceplus.com\/index.php\/wp-json\/wp\/v2\/product\/5077","targetHints":{"allow":["GET"]}}],"collection":[{"href":"https:\/\/dem-serviceplus.com\/index.php\/wp-json\/wp\/v2\/product"}],"about":[{"href":"https:\/\/dem-serviceplus.com\/index.php\/wp-json\/wp\/v2\/types\/product"}],"replies":[{"embeddable":true,"href":"https:\/\/dem-serviceplus.com\/index.php\/wp-json\/wp\/v2\/comments?post=5077"}],"version-history":[{"count":1,"href":"https:\/\/dem-serviceplus.com\/index.php\/wp-json\/wp\/v2\/product\/5077\/revisions"}],"predecessor-version":[{"id":5083,"href":"https:\/\/dem-serviceplus.com\/index.php\/wp-json\/wp\/v2\/product\/5077\/revisions\/5083"}],"wp:featuredmedia":[{"embeddable":true,"href":"https:\/\/dem-serviceplus.com\/index.php\/wp-json\/wp\/v2\/media\/5079"}],"wp:attachment":[{"href":"https:\/\/dem-serviceplus.com\/index.php\/wp-json\/wp\/v2\/media?parent=5077"}],"wp:term":[{"taxonomy":"product_brand","embeddable":true,"href":"https:\/\/dem-serviceplus.com\/index.php\/wp-json\/wp\/v2\/product_brand?post=5077"},{"taxonomy":"product_cat","embeddable":true,"href":"https:\/\/dem-serviceplus.com\/index.php\/wp-json\/wp\/v2\/product_cat?post=5077"},{"taxonomy":"product_tag","embeddable":true,"href":"https:\/\/dem-serviceplus.com\/index.php\/wp-json\/wp\/v2\/product_tag?post=5077"}],"curies":[{"name":"wp","href":"https:\/\/api.w.org\/{rel}","templated":true}]}}