{"id":5074,"date":"2026-04-09T17:10:33","date_gmt":"2026-04-09T15:10:33","guid":{"rendered":"https:\/\/dem-serviceplus.com\/?post_type=product&#038;p=5074"},"modified":"2026-04-09T21:29:35","modified_gmt":"2026-04-09T19:29:35","slug":"diswoe-2-pack-manette-pour-xbox-360-2-pack-manette-pc-joystick-manette-de-jeu-pour-xbox-360-slim-pc-windows-7-8-10-11-xp-gamepad-filaire-avec-double-vibration-design-ergonomique-copie","status":"publish","type":"product","link":"https:\/\/dem-serviceplus.com\/index.php\/produit\/diswoe-2-pack-manette-pour-xbox-360-2-pack-manette-pc-joystick-manette-de-jeu-pour-xbox-360-slim-pc-windows-7-8-10-11-xp-gamepad-filaire-avec-double-vibration-design-ergonomique-copie\/","title":{"rendered":"Manette pour Xbox 360, 2 Pack Manette PC, Joystick Manette de Jeu pour Xbox 360\/ Slim\/PC Windows 7\/8\/10\/11\/XP, Gamepad Filaire avec Double Vibration\/Design Ergonomique"},"content":{"rendered":"<p>manette Zexrow Xbox 360 est con\u00e7ue pour les syst\u00e8mes de jeu Microsoft Xbox 360 et Windows PC (Windows 10\/8\/7\/XP). Remarque : il s&rsquo;agit d&rsquo;un contr\u00f4leur de marque Zexrow et fabriqu\u00e9 par une usine tierce, pas de la marque Microsoft d&rsquo;origine.Branchez et jouez: Une fois que le port USB est branch\u00e9 sur l&rsquo;ordinateur, vous pouvez d\u00e9marrer le jeu, les manettes Xbox 360 personnalis\u00e9es sont faciles \u00e0 installer et ne n\u00e9cessitent aucun logiciel.Le c\u00e2ble USB est \u00e9tendu \u00e0 200cm. Vous pouvez vous asseoir et profiter du jeu un peu plus loin de la console.Double Vibration: Joystick de pouce pr\u00e9cis, deux d\u00e9clencheurs de point de pression, deux moteurs de retour de vibrations et un volant \u00e0 8 directions vous permettent de garder la manette.Remarque : la fonction de vibration dispara\u00eetra lorsque vous jouez \u00e0 certains jeux sur PC.Design Ergonomique: Les nouvelles conceptions de boutons d&rsquo;\u00e9paule gauche et droite sont faciles \u00e0 utiliser, obtenez un maximum de confort et une exp\u00e9rience de jeu sans finPratique et rapide: La fonction d&rsquo;\u00e9clairage centralis\u00e9 du bouton Xbox Guide vous permet d&rsquo;acc\u00e9der rapidement aux films num\u00e9riques, \u00e0 la musique et aux biblioth\u00e8ques de jeux. Passer facilement au Guide Xbox Gamer ou au March\u00e9 Xbox Live<\/p>\n<p>\u203a\u00a0Voir plus de d\u00e9tails<\/p>\n<p>Signaler un probl\u00e8me avec ce produit<\/p>\n<p>V\u00e9rifier la<\/p>\n","protected":false},"excerpt":{"rendered":"<p>manette Zexrow Xbox 360 est con\u00e7ue pour les syst\u00e8mes de jeu Microsoft Xbox 360 et Windows PC (Windows 10\/8\/7\/XP). Remarque : il s&rsquo;agit d&rsquo;un contr\u00f4leur de marque Zexrow et fabriqu\u00e9 par une usine tierce, pas de la marque Microsoft d&rsquo;origine.Branchez et jouez: Une fois que le port USB est branch\u00e9 sur l&rsquo;ordinateur, vous pouvez d\u00e9marrer [&hellip;]<\/p>\n","protected":false},"featured_media":5063,"comment_status":"open","ping_status":"closed","template":"","meta":[],"product_brand":[333],"product_cat":[327],"product_tag":[],"class_list":{"0":"post-5074","1":"product","2":"type-product","3":"status-publish","4":"has-post-thumbnail","6":"product_brand-xbox","7":"product_cat-gaming","9":"first","10":"instock","11":"sale","12":"shipping-taxable","13":"purchasable","14":"product-type-simple"},"_links":{"self":[{"href":"https:\/\/dem-serviceplus.com\/index.php\/wp-json\/wp\/v2\/product\/5074","targetHints":{"allow":["GET"]}}],"collection":[{"href":"https:\/\/dem-serviceplus.com\/index.php\/wp-json\/wp\/v2\/product"}],"about":[{"href":"https:\/\/dem-serviceplus.com\/index.php\/wp-json\/wp\/v2\/types\/product"}],"replies":[{"embeddable":true,"href":"https:\/\/dem-serviceplus.com\/index.php\/wp-json\/wp\/v2\/comments?post=5074"}],"version-history":[{"count":4,"href":"https:\/\/dem-serviceplus.com\/index.php\/wp-json\/wp\/v2\/product\/5074\/revisions"}],"predecessor-version":[{"id":5100,"href":"https:\/\/dem-serviceplus.com\/index.php\/wp-json\/wp\/v2\/product\/5074\/revisions\/5100"}],"wp:featuredmedia":[{"embeddable":true,"href":"https:\/\/dem-serviceplus.com\/index.php\/wp-json\/wp\/v2\/media\/5063"}],"wp:attachment":[{"href":"https:\/\/dem-serviceplus.com\/index.php\/wp-json\/wp\/v2\/media?parent=5074"}],"wp:term":[{"taxonomy":"product_brand","embeddable":true,"href":"https:\/\/dem-serviceplus.com\/index.php\/wp-json\/wp\/v2\/product_brand?post=5074"},{"taxonomy":"product_cat","embeddable":true,"href":"https:\/\/dem-serviceplus.com\/index.php\/wp-json\/wp\/v2\/product_cat?post=5074"},{"taxonomy":"product_tag","embeddable":true,"href":"https:\/\/dem-serviceplus.com\/index.php\/wp-json\/wp\/v2\/product_tag?post=5074"}],"curies":[{"name":"wp","href":"https:\/\/api.w.org\/{rel}","templated":true}]}}